umber?
True
Is 478551883 a composite number?
False
Is 3546464219 prime?
False
Is 1974099901 composite?
True
Is 251241511 composite?
False
Is 15170538179 composite?
False
Is 9222268067 a prime number?
False
Is 595737031 a composite number?
True
Is 1763793397 a composite number?
False
Is 796260791 composite?
True
Is 5725808789 prime?
True
Is 4859127211 a prime number?
True
Is 623771153 composite?
True
Is 141099714739 composite?
True
Is 353667581 a composite number?
False
Is 2411970629 a prime number?
False
Is 9043426559 prime?
True
Is 162065803 a prime number?
False
Is 19122311447 composite?
True
Is 9228191017 a prime number?
True
Is 22660280633 a prime number?
True
Is 313773763 composite?
True
Is 358698869 prime?
False
Is 2248691441 prime?
True
Is 21264430087 composite?
True
Is 375837091 a prime number?
False
Is 60001544641 composite?
False
Is 300517667 prime?
False
Is 19066622669 composite?
True
Is 18585949523 composite?
False
Is 134441333333 prime?
True
Is 222633176299 a composite number?
True
Is 533061989 a prime number?
False
Is 1912906483 prime?
True
Is 2649759613 a prime number?
False
Is 450480293 prime?
False
Is 19092597103 a composite number?
False
Is 919950373 prime?
True
Is 275786382191 composite?
False
Is 24245761279 prime?
False
Is 93595486799 prime?
False
Is 7158990661 a composite number?
False
Is 489985141 a prime number?
True
Is 590879381 composite?
True
Is 937511261111 prime?
True
Is 398731313 prime?
False
Is 2090765983 a prime number?
False
Is 7030582841 a prime number?
True
Is 243837673 prime?
True
Is 8099187619 a composite number?
True
Is 17579421031 a prime number?
False
Is 23309963147 prime?
False
Is 419259041 prime?
False
Is 127492750739 a prime number?
True
Is 35816809319 a prime number?
True
Is 8715289211 a prime number?
True
Is 87233638183 prime?
True
Is 846525181 a prime number?
True
Is 4408072543 a composite number?
True
Is 836647063 composite?
True
Is 2999631031 prime?
False
Is 6546919741 a prime number?
True
Is 72166117883 a prime number?
True
Is 9386723449 a prime number?
True
Is 6881490347 composite?
False
Is 2124596255 a prime number?
False
Is 30374200153 prime?
False
Is 27264482933 a prime number?
False
Is 6475573739 composite?
False
Is 32710991501 a composite number?
True
Is 145599761 composite?
False
Is 16738571 prime?
True
Is 1257884593 composite?
True
Is 626180887 a composite number?
False
Is 39561363967 composite?
False
Is 191340601 composite?
False
Is 13525344633 prime?
False
Is 150609853 a composite number?
True
Is 5292595337 prime?
True
Is 64517826421 a prime number?
True
Is 52566439 prime?
False
Is 24342221522 a composite number?
True
Is 323535703 a prime number?
False
Is 3992326691 prime?
True
Is 4676443339 prime?
True
Is 838770139 a composite number?
False
Is 31692890183 prime?
False
Is 78516420791 prime?
True
Is 33293803843 composite?
True
Is 32651609 composite?
True
Is 52452011 a prime number?
True
Is 11632515793 composite?
True
Is 28793665931 a prime number?
False
Is 141202151 a prime number?
False
Is 2477190389 a prime number?
True
Is 8239300739 a composite number?
True
Is 8705119633 composite?
True
Is 11639152463 composite?
False
Is 22590985231 a prime number?
False
Is 238767203 prime?
False
Is 2634023951 a prime number?
False
Is 4492848253 composite?
False
Is 1223857 a prime number?
True
Is 261104381 prime?
True
Is 29664941 a prime number?
False
Is 24798635617 composite?
True
Is 7736551091 composite?
True
Is 51518352317 prime?
True
Is 30778834777 prime?
True
Is 41212847941 a composite number?
True
Is 764225207 composite?
False
Is 666058019 a composite number?
True
Is 44585673073 a prime number?
False
Is 35687749897 a prime number?
False
Is 97895438261 composite?
False
Is 6935057177 prime?
True
Is 1359158839 composite?
False
Is 4294285297 a composite number?
True
Is 49756471 composite?
False
Is 9960162217 a prime number?
False
Is 2922011921 prime?
True
Is 11055613033 a composite number?
True
Is 8193461609 a prime number?
True
Is 25302807493 composite?
False
Is 1045901347 a composite number?
False
Is 359276459 prime?
True
Is 200953451 a prime number?
False
Is 50506115657 a prime number?
False
Is 16703719129 prime?
True
Is 26642916247 a composite number?
False
Is 3771189797 composite?
True
Is 389105303 a composite number?
True
Is 257664685 composite?
True
Is 12869520113 a prime number?
False
Is 27705829487 a composite number?
True
Is 3753226013 a prime number?
False
Is 87403357 prime?
True
Is 2169842663 a prime number?
True
Is 3908361739 prime?
True
Is 35787970541 prime?
True
Is 59943089 a composite number?
True
Is 99622140379 composite?
False
Is 52233064687 composite?
True
Is 5465861561 a prime number?
True
Is 46733873 prime?
True
Is 1274629817 a prime number?
True
Is 9169378013 prime?
False
Is 338614883 prime?
True
Is 317813257 a composite number?
False
Is 2706186887 a composite number?
True
Is 35559527 prime?
True
Is 49053287 composite?
False
Is 1664115683 prime?
True
Is 454225939 composite?
False
Is 20045343119 a composite number?
True
Is 17049102559 a prime number?
True
Is 32194442929 composite?
True
Is 23009448151 a prime number?
False
Is 40162774273 prime?
True
Is 373163701 composite?
True
Is 693377207 a prime number?
True
Is 1535136589 composite?
True
Is 1421401439 prime?
False
Is 80865021487 a composite number?
False
Is 8549602609 a composite number?
True
Is 3215509267 a composite number?
True
Is 7517989615 a prime number?
False
Is 273125239 prime?
True
Is 8654609 a composite number?
False
Is 1211098927 prime?
True
Is 386149717 a composite number?
False
Is 7712935511 prime?
True
Is 7727170783 prime?
False
Is 9739989647 a composite number?
False
Is 1975502381 a prime number?
False
Is 15099843929 composite?
False
Is 236643607 a prime number?
False
Is 25722481039 composite?
False
Is 4413723467 a prime number?
False
Is 105887963 a prime number?
True
Is 3655276439 a prime number?
False
Is 27993089239 a prime number?
True
Is 29008119809 a composite number?
True
Is 103474991 composite?
False
Is 1210970809 composite?
True
Is 1238329739 a prime number?
True
Is 3932345269 a prime number?
False
Is 496991843 a composite number?
True
Is 1331328437 prime?
True
Is 224436941 a prime number?
False
Is 18804542221 a prime number?
False
Is 19468735085 prime?
False
Is 211930551341 a composite number?
True
Is 2304893 composite?
False
Is 1999195459 prime?
False
Is 1742001061 a prime number?
True
Is 1419780085 a composite number?
True
Is 10507760413 a prime number?
True
Is 270905057 a composite number?
True
Is 6431268413 prime?
True
Is 324267389 composite?
False
Is 751147769 prime?
True
Is 16943593897 prime?
False
Is 117486341123 composite?
False
Is 13697517647 composite?
True
Is 1546890211 a composite number?
True
Is 1841370397 a prime number?
False
Is 15683928269 composite?
True
Is 887631821 a prime number?
False
Is 18066716287 a composite number?
False
Is 3066865205 composite?
True
Is 164184221 prime?
True
Is 324408659 a composite number?
True
Is 105288479 a composite number?
True
Is 724834295 a prime number?
False
Is 262667023 prime?
True
Is 12704044541 composite?
True
Is 27698607527 composite?
True
Is 974144711 composite?
False
Is 1702184503 a prime number?
True
Is 117692591069 prime?
True
Is 38514050819 a prime number?
False
Is 3670891793 a prime number?
False
Is 57057933863 a composite number?
True
Is 160394321 composite?
False
Is 15011940731 a composite number?
False
Is 383624273 a prime number?
True
Is 7669448529 composite?
True
Is 1617604243 prime?
True
Is 16776955169 a prime number?
False
Is 31136453 a composite number?
False
Is 6439828313 prime?
True
Is 732117377 a composite number?
False
Is 16636977397 a composite number?
False
Is 112514072887 a prime number?
True
Is 822344381 prime?
False
Is 9062558149 a composite number?
False
Is 29076683557 a composite number?
True
Is 4217995423 a prime number?
False
Is 3332573 composite?
True
Is 27313824161 prime?
False
Is 112584869517 composite?
True
Is 8270650439 a prime number?
False
Is 3060100541 prime?
True
Is 95735962213 prime?
False
Is 43863329 prime?
True
Is 1984884494 prime?
False
Is 97922101741 a prime number?
False
Is 84331910597 composite?
True
Is 1035260831 a composite number?
True
Is 97320387 composite?
True
Is 2151378247 a prime number?
True
I